Last updated on 2022-04-24 03:52:23 CEST.
Flavor | Version | Tinstall | Tcheck | Ttotal | Status | Flags |
---|---|---|---|---|---|---|
r-devel-linux-x86_64-debian-clang | 0.3.0 | 32.49 | 260.12 | 292.61 | OK | |
r-devel-linux-x86_64-debian-gcc | 0.3.0 | 21.92 | 182.60 | 204.52 | OK | |
r-devel-linux-x86_64-fedora-clang | 0.3.0 | 303.86 | NOTE | |||
r-devel-linux-x86_64-fedora-gcc | 0.3.0 | 302.39 | NOTE | |||
r-patched-linux-x86_64 | 0.3.0 | 32.05 | 245.11 | 277.16 | OK | |
r-release-linux-x86_64 | 0.3.0 | 29.64 | 232.09 | 261.73 | OK | |
r-release-macos-arm64 | 0.3.0 | NOTE | ||||
r-release-macos-x86_64 | 0.3.0 | NOTE | ||||
r-release-windows-x86_64 | 0.3.0 | 109.00 | 310.00 | 419.00 | OK | |
r-oldrel-macos-arm64 | 0.3.0 | NOTE | ||||
r-oldrel-macos-x86_64 | 0.3.0 | NOTE | ||||
r-oldrel-windows-ix86+x86_64 | 0.3.0 | 20.00 | 265.00 | 285.00 | OK |
Version: 0.3.0
Check: dependencies in R code
Result: NOTE
Namespaces in Imports field not imported from:
‘plyr’ ‘simpleboot’
All declared Imports should be used.
Flavors: r-devel-linux-x86_64-fedora-clang, r-devel-linux-x86_64-fedora-gcc, r-release-macos-arm64, r-release-macos-x86_64, r-oldrel-macos-arm64, r-oldrel-macos-x86_64