Last updated on 2022-04-24 03:52:23 CEST.
Flavor | Version | Tinstall | Tcheck | Ttotal | Status | Flags |
---|---|---|---|---|---|---|
r-devel-linux-x86_64-debian-clang | 4.0.0 | 22.64 | 226.40 | 249.04 | OK | |
r-devel-linux-x86_64-debian-gcc | 4.0.0 | 19.38 | 162.27 | 181.65 | OK | |
r-devel-linux-x86_64-fedora-clang | 4.0.0 | 290.18 | NOTE | |||
r-devel-linux-x86_64-fedora-gcc | 4.0.0 | 291.36 | NOTE | |||
r-patched-linux-x86_64 | 4.0.0 | 27.89 | 211.71 | 239.60 | OK | |
r-release-linux-x86_64 | 4.0.0 | 20.73 | 202.08 | 222.81 | OK | |
r-release-macos-arm64 | 4.0.0 | NOTE | ||||
r-release-macos-x86_64 | 4.0.0 | NOTE | ||||
r-release-windows-x86_64 | 4.0.0 | 80.00 | 266.00 | 346.00 | OK | |
r-oldrel-macos-arm64 | 4.0.0 | NOTE | ||||
r-oldrel-macos-x86_64 | 4.0.0 | NOTE | ||||
r-oldrel-windows-ix86+x86_64 | 4.0.0 | 43.00 | 259.00 | 302.00 | OK |
Version: 4.0.0
Check: data for non-ASCII characters
Result: NOTE
Note: found 4 marked Latin-1 strings
Note: found 21 marked UTF-8 strings
Flavors: r-devel-linux-x86_64-fedora-clang, r-devel-linux-x86_64-fedora-gcc, r-release-macos-arm64, r-release-macos-x86_64, r-oldrel-macos-arm64, r-oldrel-macos-x86_64