Last updated on 2022-04-24 03:52:23 CEST.
Flavor | Version | Tinstall | Tcheck | Ttotal | Status | Flags |
---|---|---|---|---|---|---|
r-devel-linux-x86_64-debian-clang | 0.3-1 | 5.96 | 66.06 | 72.02 | NOTE | |
r-devel-linux-x86_64-debian-gcc | 0.3-1 | 4.13 | 49.34 | 53.47 | NOTE | |
r-devel-linux-x86_64-fedora-clang | 0.3-1 | 87.24 | NOTE | |||
r-devel-linux-x86_64-fedora-gcc | 0.3-1 | 78.69 | NOTE | |||
r-patched-linux-x86_64 | 0.3-1 | 6.34 | 62.64 | 68.98 | NOTE | |
r-release-linux-x86_64 | 0.3-1 | 4.90 | 60.16 | 65.06 | NOTE | |
r-release-macos-arm64 | 0.3-1 | NOTE | ||||
r-release-macos-x86_64 | 0.3-1 | NOTE | ||||
r-release-windows-x86_64 | 0.3-1 | 43.00 | 84.00 | 127.00 | NOTE | |
r-oldrel-macos-arm64 | 0.3-1 | NOTE | ||||
r-oldrel-macos-x86_64 | 0.3-1 | NOTE | ||||
r-oldrel-windows-ix86+x86_64 | 0.3-1 | 14.00 | 83.00 | 97.00 | NOTE |
Version: 0.3-1
Check: LazyData
Result: NOTE
'LazyData' is specified without a 'data' directory
Flavors: r-devel-linux-x86_64-debian-clang, r-devel-linux-x86_64-debian-gcc, r-devel-linux-x86_64-fedora-clang, r-devel-linux-x86_64-fedora-gcc, r-patched-linux-x86_64, r-release-linux-x86_64, r-release-macos-arm64, r-release-macos-x86_64, r-release-windows-x86_64, r-oldrel-macos-arm64, r-oldrel-macos-x86_64, r-oldrel-windows-ix86+x86_64