Last updated on 2022-04-24 03:52:23 CEST.
Flavor | Version | Tinstall | Tcheck | Ttotal | Status | Flags |
---|---|---|---|---|---|---|
r-devel-linux-x86_64-debian-clang | 0.9.0 | 3.61 | 81.04 | 84.65 | OK | |
r-devel-linux-x86_64-debian-gcc | 0.9.0 | 3.59 | 59.26 | 62.85 | OK | |
r-devel-linux-x86_64-fedora-clang | 0.9.0 | 104.77 | NOTE | |||
r-devel-linux-x86_64-fedora-gcc | 0.9.0 | 91.30 | NOTE | |||
r-patched-linux-x86_64 | 0.9.0 | 4.21 | 76.93 | 81.14 | OK | |
r-release-linux-x86_64 | 0.9.0 | 3.16 | 80.04 | 83.20 | OK | |
r-release-macos-arm64 | 0.9.0 | NOTE | ||||
r-release-macos-x86_64 | 0.9.0 | NOTE | ||||
r-release-windows-x86_64 | 0.9.0 | 27.00 | 115.00 | 142.00 | OK | |
r-oldrel-macos-arm64 | 0.9.0 | NOTE | ||||
r-oldrel-macos-x86_64 | 0.9.0 | NOTE | ||||
r-oldrel-windows-ix86+x86_64 | 0.9.0 | 9.00 | 100.00 | 109.00 | OK |
Version: 0.9.0
Check: dependencies in R code
Result: NOTE
Namespaces in Imports field not imported from:
‘curl’ ‘fs’ ‘googleCloudStorageR’
All declared Imports should be used.
Flavors: r-devel-linux-x86_64-fedora-clang, r-devel-linux-x86_64-fedora-gcc, r-release-macos-arm64, r-release-macos-x86_64, r-oldrel-macos-arm64, r-oldrel-macos-x86_64