Last updated on 2022-04-24 03:52:23 CEST.
Flavor | Version | Tinstall | Tcheck | Ttotal | Status | Flags |
---|---|---|---|---|---|---|
r-devel-linux-x86_64-debian-clang | 0.0.1 | 1.96 | 29.43 | 31.39 | NOTE | |
r-devel-linux-x86_64-debian-gcc | 0.0.1 | 1.50 | 22.38 | 23.88 | NOTE | |
r-devel-linux-x86_64-fedora-clang | 0.0.1 | 37.68 | NOTE | |||
r-devel-linux-x86_64-fedora-gcc | 0.0.1 | 27.37 | NOTE | |||
r-patched-linux-x86_64 | 0.0.1 | 1.29 | 27.47 | 28.76 | NOTE | |
r-release-linux-x86_64 | 0.0.1 | 1.63 | 27.24 | 28.87 | NOTE | |
r-release-macos-arm64 | 0.0.1 | NOTE | ||||
r-release-macos-x86_64 | 0.0.1 | NOTE | ||||
r-release-windows-x86_64 | 0.0.1 | 9.00 | 41.00 | 50.00 | NOTE | |
r-oldrel-macos-arm64 | 0.0.1 | NOTE | ||||
r-oldrel-macos-x86_64 | 0.0.1 | NOTE | ||||
r-oldrel-windows-ix86+x86_64 | 0.0.1 | 4.00 | 23.00 | 27.00 | NOTE |
Version: 0.0.1
Check: LazyData
Result: NOTE
'LazyData' is specified without a 'data' directory
Flavors: r-devel-linux-x86_64-debian-clang, r-devel-linux-x86_64-debian-gcc, r-devel-linux-x86_64-fedora-clang, r-devel-linux-x86_64-fedora-gcc, r-patched-linux-x86_64, r-release-linux-x86_64, r-release-macos-arm64, r-release-macos-x86_64, r-release-windows-x86_64, r-oldrel-macos-arm64, r-oldrel-macos-x86_64, r-oldrel-windows-ix86+x86_64