Last updated on 2022-04-24 03:52:23 CEST.
Flavor | Version | Tinstall | Tcheck | Ttotal | Status | Flags |
---|---|---|---|---|---|---|
r-devel-linux-x86_64-debian-clang | 2.0.3 | 82.52 | 902.32 | 984.84 | OK | |
r-devel-linux-x86_64-debian-gcc | 2.0.3 | 61.49 | 641.66 | 703.15 | OK | |
r-devel-linux-x86_64-fedora-clang | 2.0.3 | 1119.70 | NOTE | |||
r-devel-linux-x86_64-fedora-gcc | 2.0.3 | 1110.88 | OK | |||
r-patched-linux-x86_64 | 2.0.3 | 79.23 | 839.90 | 919.13 | OK | |
r-release-linux-x86_64 | 2.0.3 | 51.13 | 790.52 | 841.65 | OK | |
r-release-macos-arm64 | 2.0.3 | NOTE | ||||
r-release-macos-x86_64 | 2.0.3 | OK | ||||
r-release-windows-x86_64 | 2.0.3 | 133.00 | 1012.00 | 1145.00 | OK | |
r-oldrel-macos-arm64 | 2.0.3 | NOTE | ||||
r-oldrel-macos-x86_64 | 2.0.3 | OK | ||||
r-oldrel-windows-ix86+x86_64 | 2.0.3 | 148.00 | 980.00 | 1128.00 | OK |
Version: 2.0.3
Check: installed package size
Result: NOTE
installed size is 5.0Mb
sub-directories of 1Mb or more:
R 1.1Mb
data 1.5Mb
Flavors: r-devel-linux-x86_64-fedora-clang, r-release-macos-arm64, r-oldrel-macos-arm64