Last updated on 2022-04-24 03:52:23 CEST.
Flavor | Version | Tinstall | Tcheck | Ttotal | Status | Flags |
---|---|---|---|---|---|---|
r-devel-linux-x86_64-debian-clang | 0.9.3 | 18.54 | 121.34 | 139.88 | OK | |
r-devel-linux-x86_64-debian-gcc | 0.9.3 | 16.20 | 90.77 | 106.97 | OK | |
r-devel-linux-x86_64-fedora-clang | 0.9.3 | 168.58 | NOTE | |||
r-devel-linux-x86_64-fedora-gcc | 0.9.3 | 163.36 | OK | |||
r-patched-linux-x86_64 | 0.9.3 | 23.26 | 116.31 | 139.57 | OK | |
r-release-linux-x86_64 | 0.9.3 | 11.55 | 112.52 | 124.07 | OK | |
r-release-macos-arm64 | 0.9.3 | NOTE | ||||
r-release-macos-x86_64 | 0.9.3 | NOTE | ||||
r-release-windows-x86_64 | 0.9.3 | 122.00 | 165.00 | 287.00 | NOTE | |
r-oldrel-macos-arm64 | 0.9.3 | NOTE | ||||
r-oldrel-macos-x86_64 | 0.9.3 | NOTE | ||||
r-oldrel-windows-ix86+x86_64 | 0.9.3 | 34.00 | 148.00 | 182.00 | NOTE |
Version: 0.9.3
Check: installed package size
Result: NOTE
installed size is 15.9Mb
sub-directories of 1Mb or more:
deps 10.3Mb
lib 3.8Mb
Flavors: r-devel-linux-x86_64-fedora-clang, r-release-macos-arm64, r-release-macos-x86_64, r-release-windows-x86_64, r-oldrel-macos-arm64, r-oldrel-macos-x86_64, r-oldrel-windows-ix86+x86_64