Last updated on 2022-04-24 03:52:23 CEST.
Flavor | Version | Tinstall | Tcheck | Ttotal | Status | Flags |
---|---|---|---|---|---|---|
r-devel-linux-x86_64-debian-clang | 1.10.0 | 3.78 | 38.35 | 42.13 | NOTE | |
r-devel-linux-x86_64-debian-gcc | 1.10.0 | 2.56 | 29.66 | 32.22 | NOTE | |
r-devel-linux-x86_64-fedora-clang | 1.10.0 | 51.89 | NOTE | |||
r-devel-linux-x86_64-fedora-gcc | 1.10.0 | 41.24 | NOTE | |||
r-patched-linux-x86_64 | 1.10.0 | 3.34 | 37.38 | 40.72 | NOTE | |
r-release-linux-x86_64 | 1.10.0 | 3.58 | 36.23 | 39.81 | NOTE | |
r-release-macos-arm64 | 1.10.0 | NOTE | ||||
r-release-macos-x86_64 | 1.10.0 | NOTE | ||||
r-release-windows-x86_64 | 1.10.0 | 175.00 | 67.00 | 242.00 | NOTE | |
r-oldrel-macos-arm64 | 1.10.0 | NOTE | ||||
r-oldrel-macos-x86_64 | 1.10.0 | NOTE | ||||
r-oldrel-windows-ix86+x86_64 | 1.10.0 | 7.00 | 45.00 | 52.00 | NOTE |
Version: 1.10.0
Check: LazyData
Result: NOTE
'LazyData' is specified without a 'data' directory
Flavors: r-devel-linux-x86_64-debian-clang, r-devel-linux-x86_64-debian-gcc, r-devel-linux-x86_64-fedora-clang, r-devel-linux-x86_64-fedora-gcc, r-patched-linux-x86_64, r-release-linux-x86_64, r-release-macos-arm64, r-release-macos-x86_64, r-release-windows-x86_64, r-oldrel-macos-arm64, r-oldrel-macos-x86_64, r-oldrel-windows-ix86+x86_64
Version: 1.10.0
Check: installed package size
Result: NOTE
installed size is 11.0Mb
sub-directories of 1Mb or more:
deps 10.6Mb
Flavors: r-devel-linux-x86_64-fedora-clang, r-release-macos-arm64, r-release-macos-x86_64, r-release-windows-x86_64, r-oldrel-macos-arm64, r-oldrel-macos-x86_64, r-oldrel-windows-ix86+x86_64