Last updated on 2022-04-24 03:52:23 CEST.
Flavor | Version | Tinstall | Tcheck | Ttotal | Status | Flags |
---|---|---|---|---|---|---|
r-devel-linux-x86_64-debian-clang | 1.0.3 | 7.80 | 65.14 | 72.94 | NOTE | |
r-devel-linux-x86_64-debian-gcc | 1.0.3 | 5.17 | 48.59 | 53.76 | NOTE | |
r-devel-linux-x86_64-fedora-clang | 1.0.3 | 88.79 | NOTE | |||
r-devel-linux-x86_64-fedora-gcc | 1.0.3 | 79.22 | NOTE | |||
r-patched-linux-x86_64 | 1.0.3 | 10.13 | 60.92 | 71.05 | NOTE | |
r-release-linux-x86_64 | 1.0.3 | 7.16 | 60.15 | 67.31 | NOTE | |
r-release-macos-arm64 | 1.0.3 | NOTE | ||||
r-release-macos-x86_64 | 1.0.3 | NOTE | ||||
r-release-windows-x86_64 | 1.0.3 | 637.00 | 99.00 | 736.00 | NOTE | |
r-oldrel-macos-arm64 | 1.0.3 | NOTE | ||||
r-oldrel-macos-x86_64 | 1.0.3 | NOTE | ||||
r-oldrel-windows-ix86+x86_64 | 1.0.3 | 13.00 | 78.00 | 91.00 | NOTE |
Version: 1.0.3
Check: LazyData
Result: NOTE
'LazyData' is specified without a 'data' directory
Flavors: r-devel-linux-x86_64-debian-clang, r-devel-linux-x86_64-debian-gcc, r-devel-linux-x86_64-fedora-clang, r-devel-linux-x86_64-fedora-gcc, r-patched-linux-x86_64, r-release-linux-x86_64, r-release-macos-arm64, r-release-macos-x86_64, r-release-windows-x86_64, r-oldrel-macos-arm64, r-oldrel-macos-x86_64, r-oldrel-windows-ix86+x86_64