Last updated on 2022-04-24 03:52:23 CEST.
Flavor | Version | Tinstall | Tcheck | Ttotal | Status | Flags |
---|---|---|---|---|---|---|
r-devel-linux-x86_64-debian-clang | 0.1.0 | 2.35 | 32.90 | 35.25 | NOTE | |
r-devel-linux-x86_64-debian-gcc | 0.1.0 | 1.96 | 25.02 | 26.98 | NOTE | |
r-devel-linux-x86_64-fedora-clang | 0.1.0 | 42.96 | NOTE | |||
r-devel-linux-x86_64-fedora-gcc | 0.1.0 | 31.98 | NOTE | |||
r-patched-linux-x86_64 | 0.1.0 | 2.24 | 31.13 | 33.37 | NOTE | |
r-release-linux-x86_64 | 0.1.0 | 1.94 | 30.19 | 32.13 | NOTE | |
r-release-macos-arm64 | 0.1.0 | NOTE | ||||
r-release-macos-x86_64 | 0.1.0 | NOTE | ||||
r-release-windows-x86_64 | 0.1.0 | 13.00 | 48.00 | 61.00 | NOTE | |
r-oldrel-macos-arm64 | 0.1.0 | NOTE | ||||
r-oldrel-macos-x86_64 | 0.1.0 | NOTE | ||||
r-oldrel-windows-ix86+x86_64 | 0.1.0 | 5.00 | 39.00 | 44.00 | NOTE |
Version: 0.1.0
Check: R code for possible problems
Result: NOTE
dashboard_open: no visible global function definition for 'write.csv'
dashboard_open: no visible global function definition for
'capture.output'
dctable: no visible global function definition for 'capture.output'
Undefined global functions or variables:
capture.output write.csv
Consider adding
importFrom("utils", "capture.output", "write.csv")
to your NAMESPACE file.
Flavors: r-devel-linux-x86_64-debian-clang, r-devel-linux-x86_64-debian-gcc, r-devel-linux-x86_64-fedora-clang, r-devel-linux-x86_64-fedora-gcc, r-patched-linux-x86_64, r-release-linux-x86_64, r-release-macos-arm64, r-release-macos-x86_64, r-release-windows-x86_64, r-oldrel-macos-arm64, r-oldrel-macos-x86_64, r-oldrel-windows-ix86+x86_64