Last updated on 2022-04-24 03:52:23 CEST.
Flavor | Version | Tinstall | Tcheck | Ttotal | Status | Flags |
---|---|---|---|---|---|---|
r-devel-linux-x86_64-debian-clang | 1.14.2 | 41.50 | 154.38 | 195.88 | OK | --no-tests |
r-devel-linux-x86_64-debian-gcc | 1.14.2 | 33.27 | 109.78 | 143.05 | WARN | --no-tests |
r-devel-linux-x86_64-fedora-clang | 1.14.2 | 450.70 | OK | |||
r-devel-linux-x86_64-fedora-gcc | 1.14.2 | 444.69 | OK | |||
r-patched-linux-x86_64 | 1.14.2 | 38.99 | 136.69 | 175.68 | OK | --no-tests |
r-release-linux-x86_64 | 1.14.2 | 39.18 | 140.94 | 180.12 | OK | --no-tests |
r-release-macos-arm64 | 1.14.2 | OK | ||||
r-release-macos-x86_64 | 1.14.2 | OK | ||||
r-release-windows-x86_64 | 1.14.2 | 411.00 | 723.00 | 1134.00 | OK | |
r-oldrel-macos-arm64 | 1.14.2 | OK | ||||
r-oldrel-macos-x86_64 | 1.14.2 | OK | ||||
r-oldrel-windows-ix86+x86_64 | 1.14.2 | 110.00 | 580.00 | 690.00 | OK |
Version: 1.14.2
Flags: --no-tests
Check: whether package can be installed
Result: WARN
Found the following significant warnings:
fread.c:1278:38: warning: the comparison will always evaluate as ‘false’ for the pointer operand in ‘nastr + 8’ must not be NULL [-Waddress]
Flavor: r-devel-linux-x86_64-debian-gcc