Last updated on 2022-04-24 03:52:23 CEST.
| Flavor | Version | Tinstall | Tcheck | Ttotal | Status | Flags | 
|---|---|---|---|---|---|---|
| r-devel-linux-x86_64-debian-clang | 1.0.0 | 6.78 | 133.49 | 140.27 | OK | |
| r-devel-linux-x86_64-debian-gcc | 1.0.0 | 4.33 | 102.22 | 106.55 | OK | |
| r-devel-linux-x86_64-fedora-clang | 1.0.0 | 136.14 | OK | |||
| r-devel-linux-x86_64-fedora-gcc | 1.0.0 | 131.49 | OK | |||
| r-patched-linux-x86_64 | 1.0.0 | 8.36 | 127.21 | 135.57 | OK | |
| r-release-linux-x86_64 | 1.0.0 | 4.54 | 129.12 | 133.66 | OK | |
| r-release-macos-arm64 | 1.0.0 | OK | ||||
| r-release-macos-x86_64 | 1.0.0 | WARN | ||||
| r-release-windows-x86_64 | 1.0.0 | 106.00 | 149.00 | 255.00 | OK | |
| r-oldrel-macos-arm64 | 1.0.0 | OK | ||||
| r-oldrel-macos-x86_64 | 1.0.0 | WARN | ||||
| r-oldrel-windows-ix86+x86_64 | 1.0.0 | 10.00 | 146.00 | 156.00 | OK | 
Version: 1.0.0
Check: re-building of vignette outputs
Result: WARN
    Error(s) in re-building vignettes:
      ...
    --- re-building ‘applications.Rmd’ using rmarkdown
    Warning in engine$weave(file, quiet = quiet, encoding = enc) :
      Pandoc (>= 1.12.3) not available. Falling back to R Markdown v1.
    --- finished re-building ‘applications.Rmd’
    
    --- re-building ‘data.tree.Rmd’ using rmarkdown
    Warning in engine$weave(file, quiet = quiet, encoding = enc) :
      Pandoc (>= 1.12.3) not available. Falling back to R Markdown v1.
    PhantomJS not found. You can install it with webshot::install_phantomjs(). If it is installed, please make sure the phantomjs executable can be found via the PATH variable.
    PhantomJS not found. You can install it with webshot::install_phantomjs(). If it is installed, please make sure the phantomjs executable can be found via the PATH variable.
    Quitting from lines 513-516 (data.tree.Rmd) 
    Error: processing vignette 'data.tree.Rmd' failed with diagnostics:
    invalid 'path' argument
    --- failed re-building ‘data.tree.Rmd’
    
    SUMMARY: processing the following file failed:
      ‘data.tree.Rmd’
    
    Error: Vignette re-building failed.
    Execution halted
Flavors: r-release-macos-x86_64, r-oldrel-macos-x86_64