Last updated on 2022-04-24 03:52:23 CEST.
Flavor | Version | Tinstall | Tcheck | Ttotal | Status | Flags |
---|---|---|---|---|---|---|
r-devel-linux-x86_64-debian-clang | 0.1.6 | 6.56 | 61.41 | 67.97 | OK | |
r-devel-linux-x86_64-debian-gcc | 0.1.6 | 5.06 | 44.86 | 49.92 | OK | |
r-devel-linux-x86_64-fedora-clang | 0.1.6 | 79.20 | NOTE | |||
r-devel-linux-x86_64-fedora-gcc | 0.1.6 | 70.30 | NOTE | |||
r-patched-linux-x86_64 | 0.1.6 | 6.65 | 55.77 | 62.42 | OK | |
r-release-linux-x86_64 | 0.1.6 | 4.94 | 54.22 | 59.16 | OK | |
r-release-macos-arm64 | 0.1.6 | NOTE | ||||
r-release-macos-x86_64 | 0.1.6 | NOTE | ||||
r-release-windows-x86_64 | 0.1.6 | 59.00 | 74.00 | 133.00 | OK | |
r-oldrel-macos-arm64 | 0.1.6 | NOTE | ||||
r-oldrel-macos-x86_64 | 0.1.6 | NOTE | ||||
r-oldrel-windows-ix86+x86_64 | 0.1.6 | 15.00 | 66.00 | 81.00 | OK |
Version: 0.1.6
Check: dependencies in R code
Result: NOTE
Namespaces in Imports field not imported from:
‘R6’ ‘rmarkdown’ ‘shiny’
All declared Imports should be used.
Flavors: r-devel-linux-x86_64-fedora-clang, r-devel-linux-x86_64-fedora-gcc, r-release-macos-arm64, r-release-macos-x86_64, r-oldrel-macos-arm64, r-oldrel-macos-x86_64
Version: 0.1.6
Check: Rd cross-references
Result: NOTE
Undeclared package ‘tidyselect’ in Rd xrefs
Flavor: r-devel-linux-x86_64-fedora-clang