Last updated on 2022-04-24 03:52:23 CEST.
Flavor | Version | Tinstall | Tcheck | Ttotal | Status | Flags |
---|---|---|---|---|---|---|
r-devel-linux-x86_64-debian-clang | 0.1.1 | 2.30 | 38.63 | 40.93 | NOTE | |
r-devel-linux-x86_64-debian-gcc | 0.1.1 | 1.61 | 28.79 | 30.40 | NOTE | |
r-devel-linux-x86_64-fedora-clang | 0.1.1 | 49.22 | NOTE | |||
r-devel-linux-x86_64-fedora-gcc | 0.1.1 | 38.65 | NOTE | |||
r-patched-linux-x86_64 | 0.1.1 | 2.09 | 36.48 | 38.57 | NOTE | |
r-release-linux-x86_64 | 0.1.1 | 1.95 | 34.94 | 36.89 | NOTE | |
r-release-macos-arm64 | 0.1.1 | OK | ||||
r-release-macos-x86_64 | 0.1.1 | OK | ||||
r-release-windows-x86_64 | 0.1.1 | 13.00 | 61.00 | 74.00 | OK | |
r-oldrel-macos-arm64 | 0.1.1 | OK | ||||
r-oldrel-macos-x86_64 | 0.1.1 | OK | ||||
r-oldrel-windows-ix86+x86_64 | 0.1.1 | 5.00 | 45.00 | 50.00 | OK |
Version: 0.1.1
Check: for non-standard things in the check directory
Result: NOTE
Found the following files/directories:
'my new data set.rds'
Flavors: r-devel-linux-x86_64-debian-clang, r-devel-linux-x86_64-debian-gcc, r-devel-linux-x86_64-fedora-clang, r-devel-linux-x86_64-fedora-gcc, r-patched-linux-x86_64, r-release-linux-x86_64