Last updated on 2022-04-24 03:52:23 CEST.
Flavor | Version | Tinstall | Tcheck | Ttotal | Status | Flags |
---|---|---|---|---|---|---|
r-devel-linux-x86_64-debian-clang | 0.4.7 | 1.96 | 29.56 | 31.52 | OK | |
r-devel-linux-x86_64-debian-gcc | 0.4.7 | 1.62 | 23.16 | 24.78 | OK | |
r-devel-linux-x86_64-fedora-clang | 0.4.7 | 39.86 | NOTE | |||
r-devel-linux-x86_64-fedora-gcc | 0.4.7 | 29.21 | OK | |||
r-patched-linux-x86_64 | 0.4.7 | 2.38 | 28.46 | 30.84 | OK | |
r-release-linux-x86_64 | 0.4.7 | 2.19 | 28.42 | 30.61 | OK | |
r-release-macos-arm64 | 0.4.7 | OK | ||||
r-release-macos-x86_64 | 0.4.7 | OK | ||||
r-release-windows-x86_64 | 0.4.7 | 164.00 | 44.00 | 208.00 | OK | |
r-oldrel-macos-arm64 | 0.4.7 | OK | ||||
r-oldrel-macos-x86_64 | 0.4.7 | OK | ||||
r-oldrel-windows-ix86+x86_64 | 0.4.7 | 6.00 | 24.00 | 30.00 | OK |
Version: 0.4.7
Check: Rd cross-references
Result: NOTE
Undeclared package ‘gdata’ in Rd xrefs
Flavor: r-devel-linux-x86_64-fedora-clang