Last updated on 2022-04-24 03:52:23 CEST.
Flavor | Version | Tinstall | Tcheck | Ttotal | Status | Flags |
---|---|---|---|---|---|---|
r-devel-linux-x86_64-debian-clang | 1.4.0 | 8.54 | 80.55 | 89.09 | NOTE | |
r-devel-linux-x86_64-debian-gcc | 1.4.0 | 7.64 | 59.94 | 67.58 | NOTE | |
r-devel-linux-x86_64-fedora-clang | 1.4.0 | 116.19 | NOTE | |||
r-devel-linux-x86_64-fedora-gcc | 1.4.0 | 98.67 | NOTE | |||
r-patched-linux-x86_64 | 1.4.0 | 9.51 | 75.97 | 85.48 | NOTE | |
r-release-linux-x86_64 | 1.4.0 | 8.38 | 72.98 | 81.36 | NOTE | |
r-release-macos-arm64 | 1.4.0 | NOTE | ||||
r-release-macos-x86_64 | 1.4.0 | NOTE | ||||
r-release-windows-x86_64 | 1.4.0 | 80.00 | 113.00 | 193.00 | NOTE | |
r-oldrel-macos-arm64 | 1.4.0 | NOTE | ||||
r-oldrel-macos-x86_64 | 1.4.0 | NOTE | ||||
r-oldrel-windows-ix86+x86_64 | 1.4.0 | 20.00 | 90.00 | 110.00 | NOTE |
Version: 1.4.0
Check: LazyData
Result: NOTE
'LazyData' is specified without a 'data' directory
Flavors: r-devel-linux-x86_64-debian-clang, r-devel-linux-x86_64-debian-gcc, r-devel-linux-x86_64-fedora-clang, r-devel-linux-x86_64-fedora-gcc, r-patched-linux-x86_64, r-release-linux-x86_64, r-release-macos-arm64, r-release-macos-x86_64, r-release-windows-x86_64, r-oldrel-macos-arm64, r-oldrel-macos-x86_64, r-oldrel-windows-ix86+x86_64