Last updated on 2022-04-24 03:52:23 CEST.
Flavor | Version | Tinstall | Tcheck | Ttotal | Status | Flags |
---|---|---|---|---|---|---|
r-devel-linux-x86_64-debian-clang | 0.8.10 | 91.96 | 44.47 | 136.43 | NOTE | |
r-devel-linux-x86_64-debian-gcc | 0.8.10 | 71.24 | 35.16 | 106.40 | NOTE | |
r-devel-linux-x86_64-fedora-clang | 0.8.10 | 190.98 | NOTE | |||
r-devel-linux-x86_64-fedora-gcc | 0.8.10 | 176.54 | NOTE | |||
r-patched-linux-x86_64 | 0.8.10 | 77.81 | 43.26 | 121.07 | NOTE | |
r-release-linux-x86_64 | 0.8.10 | 76.53 | 42.34 | 118.87 | NOTE | |
r-release-macos-arm64 | 0.8.10 | NOTE | ||||
r-release-macos-x86_64 | 0.8.10 | NOTE | ||||
r-release-windows-x86_64 | 0.8.10 | 141.00 | 89.00 | 230.00 | NOTE | |
r-oldrel-macos-arm64 | 0.8.10 | NOTE | ||||
r-oldrel-macos-x86_64 | 0.8.10 | NOTE | ||||
r-oldrel-windows-ix86+x86_64 | 0.8.10 | 151.00 | 88.00 | 239.00 | NOTE |
Version: 0.8.10
Check: for GNU extensions in Makefiles
Result: NOTE
GNU make is a SystemRequirements.
Flavors: r-devel-linux-x86_64-debian-clang, r-devel-linux-x86_64-debian-gcc, r-devel-linux-x86_64-fedora-clang, r-devel-linux-x86_64-fedora-gcc, r-patched-linux-x86_64, r-release-linux-x86_64, r-release-macos-arm64, r-release-macos-x86_64, r-release-windows-x86_64, r-oldrel-macos-arm64, r-oldrel-macos-x86_64, r-oldrel-windows-ix86+x86_64
Version: 0.8.10
Check: installed package size
Result: NOTE
installed size is 5.7Mb
sub-directories of 1Mb or more:
libs 5.2Mb
Flavors: r-release-macos-arm64, r-release-macos-x86_64, r-oldrel-macos-arm64, r-oldrel-macos-x86_64