Last updated on 2022-04-24 03:52:23 CEST.
Flavor | Version | Tinstall | Tcheck | Ttotal | Status | Flags |
---|---|---|---|---|---|---|
r-devel-linux-x86_64-debian-clang | 0.2.9 | 177.68 | 176.11 | 353.79 | OK | |
r-devel-linux-x86_64-debian-gcc | 0.2.9 | 175.37 | 125.82 | 301.19 | OK | |
r-devel-linux-x86_64-fedora-clang | 0.2.9 | 485.74 | NOTE | |||
r-devel-linux-x86_64-fedora-gcc | 0.2.9 | 517.95 | NOTE | |||
r-patched-linux-x86_64 | 0.2.9 | 180.48 | 165.04 | 345.52 | OK | |
r-release-linux-x86_64 | 0.2.9 | 181.62 | 155.54 | 337.16 | OK | |
r-release-macos-arm64 | 0.2.9 | NOTE | ||||
r-release-macos-x86_64 | 0.2.9 | NOTE | ||||
r-release-windows-x86_64 | 0.2.9 | 258.00 | 223.00 | 481.00 | OK | |
r-oldrel-macos-arm64 | 0.2.9 | NOTE | ||||
r-oldrel-macos-x86_64 | 0.2.9 | NOTE | ||||
r-oldrel-windows-ix86+x86_64 | 0.2.9 | 394.00 | 270.00 | 664.00 | NOTE |
Version: 0.2.9
Check: installed package size
Result: NOTE
installed size is 40.8Mb
sub-directories of 1Mb or more:
libs 39.9Mb
Flavors: r-devel-linux-x86_64-fedora-clang, r-release-macos-arm64, r-release-macos-x86_64, r-oldrel-macos-arm64, r-oldrel-macos-x86_64, r-oldrel-windows-ix86+x86_64
Version: 0.2.9
Check: top-level files
Result: NOTE
‘cleanup’: ‘env bash’ is not portable as bash need not be installed
Flavors: r-devel-linux-x86_64-fedora-clang, r-devel-linux-x86_64-fedora-gcc