Last updated on 2022-04-24 03:52:23 CEST.
Flavor | Version | Tinstall | Tcheck | Ttotal | Status | Flags |
---|---|---|---|---|---|---|
r-devel-linux-x86_64-debian-clang | 0.4.0 | 6.16 | 120.16 | 126.32 | OK | |
r-devel-linux-x86_64-debian-gcc | 0.4.0 | 5.45 | 90.81 | 96.26 | OK | |
r-devel-linux-x86_64-fedora-clang | 0.4.0 | 151.57 | NOTE | |||
r-devel-linux-x86_64-fedora-gcc | 0.4.0 | 145.39 | NOTE | |||
r-patched-linux-x86_64 | 0.4.0 | 6.79 | 112.96 | 119.75 | OK | |
r-release-linux-x86_64 | 0.4.0 | 5.72 | 106.76 | 112.48 | OK | |
r-release-macos-arm64 | 0.4.0 | NOTE | ||||
r-release-macos-x86_64 | 0.4.0 | NOTE | ||||
r-release-windows-x86_64 | 0.4.0 | 33.00 | 137.00 | 170.00 | OK | |
r-oldrel-macos-arm64 | 0.4.0 | NOTE | ||||
r-oldrel-macos-x86_64 | 0.4.0 | NOTE | ||||
r-oldrel-windows-ix86+x86_64 | 0.4.0 | 16.00 | 132.00 | 148.00 | OK |
Version: 0.4.0
Check: data for non-ASCII characters
Result: NOTE
Note: found 54314 marked UTF-8 strings
Flavors: r-devel-linux-x86_64-fedora-clang, r-devel-linux-x86_64-fedora-gcc, r-release-macos-arm64, r-release-macos-x86_64, r-oldrel-macos-arm64, r-oldrel-macos-x86_64