Last updated on 2022-04-24 03:52:23 CEST.
Flavor | Version | Tinstall | Tcheck | Ttotal | Status | Flags |
---|---|---|---|---|---|---|
r-devel-linux-x86_64-debian-clang | 1.0.0 | 2.60 | 123.29 | 125.89 | OK | |
r-devel-linux-x86_64-debian-gcc | 1.0.0 | 1.66 | 95.12 | 96.78 | OK | |
r-devel-linux-x86_64-fedora-clang | 1.0.0 | 144.14 | NOTE | |||
r-devel-linux-x86_64-fedora-gcc | 1.0.0 | 135.56 | NOTE | |||
r-patched-linux-x86_64 | 1.0.0 | 2.47 | 113.27 | 115.74 | OK | |
r-release-linux-x86_64 | 1.0.0 | 2.44 | 105.23 | 107.67 | OK | |
r-release-macos-arm64 | 1.0.0 | NOTE | ||||
r-release-macos-x86_64 | 1.0.0 | NOTE | ||||
r-release-windows-x86_64 | 1.0.0 | 27.00 | 166.00 | 193.00 | OK | |
r-oldrel-macos-arm64 | 1.0.0 | NOTE | ||||
r-oldrel-macos-x86_64 | 1.0.0 | NOTE | ||||
r-oldrel-windows-ix86+x86_64 | 1.0.0 | 6.00 | 144.00 | 150.00 | OK |
Version: 1.0.0
Check: data for non-ASCII characters
Result: NOTE
Note: found 1 marked Latin-1 string
Note: found 360 marked UTF-8 strings
Flavors: r-devel-linux-x86_64-fedora-clang, r-devel-linux-x86_64-fedora-gcc, r-release-macos-arm64, r-release-macos-x86_64, r-oldrel-macos-arm64, r-oldrel-macos-x86_64