Last updated on 2022-04-24 03:52:23 CEST.
Flavor | Version | Tinstall | Tcheck | Ttotal | Status | Flags |
---|---|---|---|---|---|---|
r-devel-linux-x86_64-debian-clang | 1.2.4 | 3.55 | 54.08 | 57.63 | NOTE | |
r-devel-linux-x86_64-debian-gcc | 1.2.4 | 2.49 | 41.31 | 43.80 | NOTE | |
r-devel-linux-x86_64-fedora-clang | 1.2.4 | 70.66 | NOTE | |||
r-devel-linux-x86_64-fedora-gcc | 1.2.4 | 63.53 | NOTE | |||
r-patched-linux-x86_64 | 1.2.4 | 2.96 | 52.98 | 55.94 | NOTE | |
r-release-linux-x86_64 | 1.2.4 | 2.59 | 52.11 | 54.70 | NOTE | |
r-release-macos-arm64 | 1.2.4 | NOTE | ||||
r-release-macos-x86_64 | 1.2.4 | NOTE | ||||
r-release-windows-x86_64 | 1.2.4 | 39.00 | 81.00 | 120.00 | NOTE | |
r-oldrel-macos-arm64 | 1.2.4 | NOTE | ||||
r-oldrel-macos-x86_64 | 1.2.4 | NOTE | ||||
r-oldrel-windows-ix86+x86_64 | 1.2.4 | 6.00 | 47.00 | 53.00 | NOTE |
Version: 1.2.4
Check: DESCRIPTION meta-information
Result: NOTE
Malformed Description field: should contain one or more complete sentences.
Flavors: r-devel-linux-x86_64-debian-clang, r-devel-linux-x86_64-debian-gcc, r-devel-linux-x86_64-fedora-clang, r-devel-linux-x86_64-fedora-gcc, r-patched-linux-x86_64, r-release-linux-x86_64, r-release-macos-arm64, r-release-macos-x86_64, r-release-windows-x86_64, r-oldrel-macos-arm64, r-oldrel-macos-x86_64, r-oldrel-windows-ix86+x86_64
Version: 1.2.4
Check: R code for possible problems
Result: NOTE
dbEmpLikeGOF: no visible global function definition for 'runif'
dbEmpLikeGOF: no visible global function definition for 'var'
dbEmpLikeGOF: no visible global function definition for 'rnorm'
emplikeGOFinternal: no visible global function definition for 'var'
getCutoff: no visible binding for global variable 'unifCut'
getCutoff: no visible binding for global variable 'normCut'
getCutoff: no visible global function definition for 'lm'
getCutoff: no visible binding for global variable 'distEqCut'
getPval: no visible binding for global variable 'unifCut'
getPval: no visible binding for global variable 'normCut'
getPval: no visible global function definition for 'lm'
getPval: no visible binding for global variable 'distEqCut'
helperPval: no visible global function definition for 'lm'
returnCutoff: no visible global function definition for 'quantile'
testfun2: no visible global function definition for 'runif'
testfun2: no visible global function definition for 'rnorm'
Undefined global functions or variables:
distEqCut lm normCut quantile rnorm runif unifCut var
Consider adding
importFrom("stats", "lm", "quantile", "rnorm", "runif", "var")
to your NAMESPACE file.
Flavors: r-devel-linux-x86_64-debian-clang, r-devel-linux-x86_64-debian-gcc, r-devel-linux-x86_64-fedora-clang, r-devel-linux-x86_64-fedora-gcc, r-patched-linux-x86_64, r-release-linux-x86_64, r-release-macos-arm64, r-release-macos-x86_64, r-release-windows-x86_64, r-oldrel-macos-arm64, r-oldrel-macos-x86_64, r-oldrel-windows-ix86+x86_64