Last updated on 2022-04-24 03:52:23 CEST.
Flavor | Version | Tinstall | Tcheck | Ttotal | Status | Flags |
---|---|---|---|---|---|---|
r-devel-linux-x86_64-debian-clang | 1.0.0 | 3.92 | 57.15 | 61.07 | NOTE | |
r-devel-linux-x86_64-debian-gcc | 1.0.0 | 2.41 | 41.77 | 44.18 | NOTE | |
r-devel-linux-x86_64-fedora-clang | 1.0.0 | 72.04 | NOTE | |||
r-devel-linux-x86_64-fedora-gcc | 1.0.0 | 63.73 | NOTE | |||
r-patched-linux-x86_64 | 1.0.0 | 2.74 | 54.55 | 57.29 | NOTE | |
r-release-linux-x86_64 | 1.0.0 | 3.67 | 53.77 | 57.44 | NOTE | |
r-release-macos-arm64 | 1.0.0 | NOTE | ||||
r-release-macos-x86_64 | 1.0.0 | NOTE | ||||
r-release-windows-x86_64 | 1.0.0 | 34.00 | 75.00 | 109.00 | NOTE | |
r-oldrel-macos-arm64 | 1.0.0 | NOTE | ||||
r-oldrel-macos-x86_64 | 1.0.0 | NOTE | ||||
r-oldrel-windows-ix86+x86_64 | 1.0.0 | 6.00 | 43.00 | 49.00 | NOTE |
Version: 1.0.0
Check: DESCRIPTION meta-information
Result: NOTE
Malformed Description field: should contain one or more complete sentences.
Flavors: r-devel-linux-x86_64-debian-clang, r-devel-linux-x86_64-debian-gcc, r-devel-linux-x86_64-fedora-clang, r-devel-linux-x86_64-fedora-gcc, r-patched-linux-x86_64, r-release-linux-x86_64, r-release-macos-arm64, r-release-macos-x86_64, r-release-windows-x86_64, r-oldrel-macos-arm64, r-oldrel-macos-x86_64, r-oldrel-windows-ix86+x86_64
Version: 1.0.0
Check: R code for possible problems
Result: NOTE
computePval: no visible global function definition for 'lm'
computeQhat: no visible global function definition for 'pnorm'
dbELnorm: no visible global function definition for 'rnorm'
getCutoffTableThree: no visible global function definition for 'lm'
getCutoffTableTwo: no visible global function definition for 'lm'
getCutoffValue: no visible global function definition for 'lm'
helperGetTstat: no visible global function definition for 'rnorm'
returnCutoffValue: no visible global function definition for 'rnorm'
returnCutoffValue: no visible global function definition for 'quantile'
varianceEstimator: no visible global function definition for 'density'
varianceEstimator: no visible global function definition for 'ecdf'
Undefined global functions or variables:
density ecdf lm pnorm quantile rnorm
Consider adding
importFrom("stats", "density", "ecdf", "lm", "pnorm", "quantile",
"rnorm")
to your NAMESPACE file.
Flavors: r-devel-linux-x86_64-debian-clang, r-devel-linux-x86_64-debian-gcc, r-devel-linux-x86_64-fedora-clang, r-devel-linux-x86_64-fedora-gcc, r-patched-linux-x86_64, r-release-linux-x86_64, r-release-macos-arm64, r-release-macos-x86_64, r-release-windows-x86_64, r-oldrel-macos-arm64, r-oldrel-macos-x86_64, r-oldrel-windows-ix86+x86_64