Last updated on 2022-04-24 03:52:23 CEST.
Flavor | Version | Tinstall | Tcheck | Ttotal | Status | Flags |
---|---|---|---|---|---|---|
r-devel-linux-x86_64-debian-clang | 1.0.0 | 4.34 | 36.93 | 41.27 | OK | |
r-devel-linux-x86_64-debian-gcc | 1.0.0 | 3.19 | 28.18 | 31.37 | OK | |
r-devel-linux-x86_64-fedora-clang | 1.0.0 | 50.53 | NOTE | |||
r-devel-linux-x86_64-fedora-gcc | 1.0.0 | 40.37 | NOTE | |||
r-patched-linux-x86_64 | 1.0.0 | 3.31 | 35.17 | 38.48 | OK | |
r-release-linux-x86_64 | 1.0.0 | 3.84 | 33.33 | 37.17 | OK | |
r-release-macos-arm64 | 1.0.0 | NOTE | ||||
r-release-macos-x86_64 | 1.0.0 | NOTE | ||||
r-release-windows-x86_64 | 1.0.0 | 11.00 | 56.00 | 67.00 | OK | |
r-oldrel-macos-arm64 | 1.0.0 | NOTE | ||||
r-oldrel-macos-x86_64 | 1.0.0 | NOTE | ||||
r-oldrel-windows-ix86+x86_64 | 1.0.0 | 7.00 | 43.00 | 50.00 | OK |
Version: 1.0.0
Check: dependencies in R code
Result: NOTE
Namespace in Imports field not imported from: ‘softImpute’
All declared Imports should be used.
Flavors: r-devel-linux-x86_64-fedora-clang, r-devel-linux-x86_64-fedora-gcc, r-release-macos-arm64, r-release-macos-x86_64, r-oldrel-macos-arm64, r-oldrel-macos-x86_64