Last updated on 2022-04-24 03:52:23 CEST.
Flavor | Version | Tinstall | Tcheck | Ttotal | Status | Flags |
---|---|---|---|---|---|---|
r-devel-linux-x86_64-debian-clang | 0.2-8 | 4.45 | 56.94 | 61.39 | NOTE | |
r-devel-linux-x86_64-debian-gcc | 0.2-8 | 3.36 | 43.31 | 46.67 | NOTE | |
r-devel-linux-x86_64-fedora-clang | 0.2-8 | 75.28 | NOTE | |||
r-devel-linux-x86_64-fedora-gcc | 0.2-8 | 65.68 | NOTE | |||
r-patched-linux-x86_64 | 0.2-8 | 3.70 | 54.55 | 58.25 | NOTE | |
r-release-linux-x86_64 | 0.2-8 | 3.72 | 51.94 | 55.66 | NOTE | |
r-release-macos-arm64 | 0.2-8 | NOTE | ||||
r-release-macos-x86_64 | 0.2-8 | NOTE | ||||
r-release-windows-x86_64 | 0.2-8 | 18.00 | 78.00 | 96.00 | NOTE | |
r-oldrel-macos-arm64 | 0.2-8 | NOTE | ||||
r-oldrel-macos-x86_64 | 0.2-8 | NOTE | ||||
r-oldrel-windows-ix86+x86_64 | 0.2-8 | 9.00 | 67.00 | 76.00 | NOTE |
Version: 0.2-8
Check: LazyData
Result: NOTE
'LazyData' is specified without a 'data' directory
Flavors: r-devel-linux-x86_64-debian-clang, r-devel-linux-x86_64-debian-gcc, r-devel-linux-x86_64-fedora-clang, r-devel-linux-x86_64-fedora-gcc, r-patched-linux-x86_64, r-release-linux-x86_64, r-release-macos-arm64, r-release-macos-x86_64, r-release-windows-x86_64, r-oldrel-macos-arm64, r-oldrel-macos-x86_64, r-oldrel-windows-ix86+x86_64