Last updated on 2022-04-24 03:52:23 CEST.
Flavor | Version | Tinstall | Tcheck | Ttotal | Status | Flags |
---|---|---|---|---|---|---|
r-devel-linux-x86_64-debian-clang | 1.1-10 | 153.39 | 106.98 | 260.37 | OK | |
r-devel-linux-x86_64-debian-gcc | 1.1-10 | 127.03 | 80.55 | 207.58 | OK | |
r-devel-linux-x86_64-fedora-clang | 1.1-10 | 401.15 | NOTE | |||
r-devel-linux-x86_64-fedora-gcc | 1.1-10 | 356.81 | OK | |||
r-patched-linux-x86_64 | 1.1-10 | 133.16 | 103.46 | 236.62 | OK | |
r-release-linux-x86_64 | 1.1-10 | 134.50 | 101.92 | 236.42 | OK | |
r-release-macos-arm64 | 1.1-10 | NOTE | ||||
r-release-macos-x86_64 | 1.1-10 | NOTE | ||||
r-release-windows-x86_64 | 1.1-10 | 139.00 | 189.00 | 328.00 | OK | |
r-oldrel-macos-arm64 | 1.1-10 | NOTE | ||||
r-oldrel-macos-x86_64 | 1.1-10 | NOTE | ||||
r-oldrel-windows-ix86+x86_64 | 1.1-10 | 367.00 | 193.00 | 560.00 | NOTE |
Version: 1.1-10
Check: installed package size
Result: NOTE
installed size is 8.8Mb
sub-directories of 1Mb or more:
doc 2.6Mb
libs 5.8Mb
Flavors: r-devel-linux-x86_64-fedora-clang, r-release-macos-arm64, r-release-macos-x86_64, r-oldrel-macos-arm64, r-oldrel-macos-x86_64, r-oldrel-windows-ix86+x86_64