Last updated on 2022-04-24 03:52:23 CEST.
Flavor | Version | Tinstall | Tcheck | Ttotal | Status | Flags |
---|---|---|---|---|---|---|
r-devel-linux-x86_64-debian-clang | 1.2.0 | 2.12 | 49.17 | 51.29 | OK | |
r-devel-linux-x86_64-debian-gcc | 1.2.0 | 2.76 | 37.74 | 40.50 | OK | |
r-devel-linux-x86_64-fedora-clang | 1.2.0 | 70.70 | OK | |||
r-devel-linux-x86_64-fedora-gcc | 1.2.0 | 59.51 | OK | |||
r-patched-linux-x86_64 | 1.2.0 | 3.31 | 46.76 | 50.07 | OK | |
r-release-linux-x86_64 | 1.2.0 | 3.30 | 50.10 | 53.40 | OK | |
r-release-macos-arm64 | 1.2.0 | ERROR | ||||
r-release-macos-x86_64 | 1.2.0 | OK | ||||
r-release-windows-x86_64 | 1.2.0 | 13.00 | 69.00 | 82.00 | OK | |
r-oldrel-macos-arm64 | 1.2.0 | ERROR | ||||
r-oldrel-macos-x86_64 | 1.2.0 | OK | ||||
r-oldrel-windows-ix86+x86_64 | 1.2.0 | 7.00 | 59.00 | 66.00 | OK |
Version: 1.2.0
Check: package dependencies
Result: ERROR
Package required but not available: ‘RedeR’
See section ‘The DESCRIPTION file’ in the ‘Writing R Extensions’
manual.
Flavors: r-release-macos-arm64, r-oldrel-macos-arm64