Last updated on 2022-04-24 03:52:23 CEST.
Flavor | Version | Tinstall | Tcheck | Ttotal | Status | Flags |
---|---|---|---|---|---|---|
r-devel-linux-x86_64-debian-clang | 1.0.6 | 25.79 | 202.79 | 228.58 | OK | |
r-devel-linux-x86_64-debian-gcc | 1.0.6 | 20.83 | 149.75 | 170.58 | OK | |
r-devel-linux-x86_64-fedora-clang | 1.0.6 | 269.83 | NOTE | |||
r-devel-linux-x86_64-fedora-gcc | 1.0.6 | 276.70 | OK | |||
r-patched-linux-x86_64 | 1.0.6 | 22.91 | 190.31 | 213.22 | OK | |
r-release-linux-x86_64 | 1.0.6 | 15.28 | 180.42 | 195.70 | OK | |
r-release-macos-arm64 | 1.0.6 | ERROR | ||||
r-release-macos-x86_64 | 1.0.6 | NOTE | ||||
r-release-windows-x86_64 | 1.0.6 | 78.00 | 229.00 | 307.00 | NOTE | |
r-oldrel-macos-arm64 | 1.0.6 | ERROR | ||||
r-oldrel-macos-x86_64 | 1.0.6 | NOTE | ||||
r-oldrel-windows-ix86+x86_64 | 1.0.6 | 48.00 | 216.00 | 264.00 | NOTE |
Version: 1.0.6
Check: installed package size
Result: NOTE
installed size is 5.4Mb
sub-directories of 1Mb or more:
data 4.1Mb
Flavors: r-devel-linux-x86_64-fedora-clang, r-release-macos-x86_64, r-release-windows-x86_64, r-oldrel-macos-x86_64, r-oldrel-windows-ix86+x86_64
Version: 1.0.6
Check: package dependencies
Result: ERROR
Package required but not available: ‘dnet’
See section ‘The DESCRIPTION file’ in the ‘Writing R Extensions’
manual.
Flavors: r-release-macos-arm64, r-oldrel-macos-arm64
Version: 1.0.6
Check: package dependencies
Result: NOTE
Package suggested but not available for checking: 'doMC'
Flavors: r-release-windows-x86_64, r-oldrel-windows-ix86+x86_64