Last updated on 2022-04-24 03:52:23 CEST.
Flavor | Version | Tinstall | Tcheck | Ttotal | Status | Flags |
---|---|---|---|---|---|---|
r-devel-linux-x86_64-debian-clang | 0.1.0 | 48.95 | 128.94 | 177.89 | OK | |
r-devel-linux-x86_64-debian-gcc | 0.1.0 | 37.30 | 94.84 | 132.14 | OK | |
r-devel-linux-x86_64-fedora-clang | 0.1.0 | 240.58 | NOTE | |||
r-devel-linux-x86_64-fedora-gcc | 0.1.0 | 222.71 | NOTE | |||
r-patched-linux-x86_64 | 0.1.0 | 43.75 | 121.41 | 165.16 | OK | |
r-release-linux-x86_64 | 0.1.0 | 45.12 | 112.19 | 157.31 | OK | |
r-release-macos-arm64 | 0.1.0 | NOTE | ||||
r-release-macos-x86_64 | 0.1.0 | NOTE | ||||
r-release-windows-x86_64 | 0.1.0 | 61.00 | 163.00 | 224.00 | OK | |
r-oldrel-macos-arm64 | 0.1.0 | NOTE | ||||
r-oldrel-macos-x86_64 | 0.1.0 | NOTE | ||||
r-oldrel-windows-ix86+x86_64 | 0.1.0 | 123.00 | 177.00 | 300.00 | OK |
Version: 0.1.0
Check: dependencies in R code
Result: NOTE
Namespaces in Imports field not imported from:
‘Rcpp’ ‘lubridate’ ‘tseries’
All declared Imports should be used.
Flavors: r-devel-linux-x86_64-fedora-clang, r-devel-linux-x86_64-fedora-gcc, r-release-macos-arm64, r-release-macos-x86_64, r-oldrel-macos-arm64, r-oldrel-macos-x86_64