Last updated on 2022-04-24 03:52:23 CEST.
Flavor | Version | Tinstall | Tcheck | Ttotal | Status | Flags |
---|---|---|---|---|---|---|
r-devel-linux-x86_64-debian-clang | 0.1.7 | 2.47 | 41.97 | 44.44 | OK | |
r-devel-linux-x86_64-debian-gcc | 0.1.7 | 1.96 | 31.43 | 33.39 | OK | |
r-devel-linux-x86_64-fedora-clang | 0.1.7 | 55.44 | NOTE | |||
r-devel-linux-x86_64-fedora-gcc | 0.1.7 | 43.83 | NOTE | |||
r-patched-linux-x86_64 | 0.1.7 | 2.74 | 39.00 | 41.74 | OK | |
r-release-linux-x86_64 | 0.1.7 | 1.93 | 39.54 | 41.47 | OK | |
r-release-macos-arm64 | 0.1.7 | NOTE | ||||
r-release-macos-x86_64 | 0.1.7 | NOTE | ||||
r-release-windows-x86_64 | 0.1.7 | 12.00 | 56.00 | 68.00 | OK | |
r-oldrel-macos-arm64 | 0.1.7 | NOTE | ||||
r-oldrel-macos-x86_64 | 0.1.7 | NOTE | ||||
r-oldrel-windows-ix86+x86_64 | 0.1.7 | 6.00 | 47.00 | 53.00 | OK |
Version: 0.1.7
Check: dependencies in R code
Result: NOTE
Namespace in Imports field not imported from: ‘CDM’
All declared Imports should be used.
Flavors: r-devel-linux-x86_64-fedora-clang, r-devel-linux-x86_64-fedora-gcc, r-release-macos-arm64, r-release-macos-x86_64, r-oldrel-macos-arm64, r-oldrel-macos-x86_64