Last updated on 2022-04-24 03:52:23 CEST.
Flavor | Version | Tinstall | Tcheck | Ttotal | Status | Flags |
---|---|---|---|---|---|---|
r-devel-linux-x86_64-debian-clang | 0.3-1 | 22.35 | 178.82 | 201.17 | NOTE | |
r-devel-linux-x86_64-debian-gcc | 0.3-1 | 18.98 | 130.48 | 149.46 | NOTE | |
r-devel-linux-x86_64-fedora-clang | 0.3-1 | 236.95 | NOTE | |||
r-devel-linux-x86_64-fedora-gcc | 0.3-1 | 231.86 | NOTE | |||
r-patched-linux-x86_64 | 0.3-1 | 26.91 | 165.06 | 191.97 | NOTE | |
r-release-linux-x86_64 | 0.3-1 | 13.47 | 155.42 | 168.89 | NOTE | |
r-release-macos-arm64 | 0.3-1 | NOTE | ||||
r-release-macos-x86_64 | 0.3-1 | NOTE | ||||
r-release-windows-x86_64 | 0.3-1 | 49.00 | 196.00 | 245.00 | NOTE | |
r-oldrel-macos-arm64 | 0.3-1 | NOTE | ||||
r-oldrel-macos-x86_64 | 0.3-1 | NOTE | ||||
r-oldrel-windows-ix86+x86_64 | 0.3-1 | 46.00 | 182.00 | 228.00 | NOTE |
Version: 0.3-1
Check: LazyData
Result: NOTE
'LazyData' is specified without a 'data' directory
Flavors: r-devel-linux-x86_64-debian-clang, r-devel-linux-x86_64-debian-gcc, r-devel-linux-x86_64-fedora-clang, r-devel-linux-x86_64-fedora-gcc, r-patched-linux-x86_64, r-release-linux-x86_64, r-release-macos-arm64, r-release-macos-x86_64, r-release-windows-x86_64, r-oldrel-macos-arm64, r-oldrel-macos-x86_64, r-oldrel-windows-ix86+x86_64