Last updated on 2022-04-24 03:52:23 CEST.
Flavor | Version | Tinstall | Tcheck | Ttotal | Status | Flags |
---|---|---|---|---|---|---|
r-devel-linux-x86_64-debian-clang | 0.2.0 | 9.34 | 90.73 | 100.07 | OK | |
r-devel-linux-x86_64-debian-gcc | 0.2.0 | 6.53 | 65.42 | 71.95 | OK | |
r-devel-linux-x86_64-fedora-clang | 0.2.0 | 117.87 | NOTE | |||
r-devel-linux-x86_64-fedora-gcc | 0.2.0 | 110.69 | NOTE | |||
r-patched-linux-x86_64 | 0.2.0 | 11.46 | 82.62 | 94.08 | OK | |
r-release-linux-x86_64 | 0.2.0 | 7.51 | 77.19 | 84.70 | OK | |
r-release-macos-arm64 | 0.2.0 | NOTE | ||||
r-release-macos-x86_64 | 0.2.0 | NOTE | ||||
r-release-windows-x86_64 | 0.2.0 | 19.00 | 102.00 | 121.00 | OK | |
r-oldrel-macos-arm64 | 0.2.0 | NOTE | ||||
r-oldrel-macos-x86_64 | 0.2.0 | NOTE | ||||
r-oldrel-windows-ix86+x86_64 | 0.2.0 | 18.00 | 90.00 | 108.00 | OK |
Version: 0.2.0
Check: dependencies in R code
Result: NOTE
Namespace in Imports field not imported from: ‘methods’
All declared Imports should be used.
Flavors: r-devel-linux-x86_64-fedora-clang, r-devel-linux-x86_64-fedora-gcc, r-release-macos-arm64, r-release-macos-x86_64, r-oldrel-macos-arm64, r-oldrel-macos-x86_64