Last updated on 2022-04-24 03:52:23 CEST.
Flavor | Version | Tinstall | Tcheck | Ttotal | Status | Flags |
---|---|---|---|---|---|---|
r-devel-linux-x86_64-debian-clang | 1.15 | 6.48 | 186.80 | 193.28 | NOTE | |
r-devel-linux-x86_64-debian-gcc | 1.15 | 5.66 | 135.51 | 141.17 | NOTE | |
r-devel-linux-x86_64-fedora-clang | 1.15 | 228.06 | NOTE | |||
r-devel-linux-x86_64-fedora-gcc | 1.15 | 227.48 | NOTE | |||
r-patched-linux-x86_64 | 1.15 | 9.06 | 173.41 | 182.47 | NOTE | |
r-release-linux-x86_64 | 1.15 | 7.00 | 178.71 | 185.71 | NOTE | |
r-release-macos-arm64 | 1.15 | NOTE | ||||
r-release-macos-x86_64 | 1.15 | NOTE | ||||
r-release-windows-x86_64 | 1.15 | 84.00 | 297.00 | 381.00 | NOTE | |
r-oldrel-macos-arm64 | 1.15 | NOTE | ||||
r-oldrel-macos-x86_64 | 1.15 | NOTE | ||||
r-oldrel-windows-ix86+x86_64 | 1.15 | 15.00 | 225.00 | 240.00 | NOTE |
Version: 1.15
Check: LazyData
Result: NOTE
'LazyData' is specified without a 'data' directory
Flavors: r-devel-linux-x86_64-debian-clang, r-devel-linux-x86_64-debian-gcc, r-devel-linux-x86_64-fedora-clang, r-devel-linux-x86_64-fedora-gcc, r-patched-linux-x86_64, r-release-linux-x86_64, r-release-macos-arm64, r-release-macos-x86_64, r-release-windows-x86_64, r-oldrel-macos-arm64, r-oldrel-macos-x86_64, r-oldrel-windows-ix86+x86_64