Last updated on 2022-04-24 03:52:23 CEST.
Flavor | Version | Tinstall | Tcheck | Ttotal | Status | Flags |
---|---|---|---|---|---|---|
r-devel-linux-x86_64-debian-clang | 1.0 | 1.79 | 56.48 | 58.27 | NOTE | |
r-devel-linux-x86_64-debian-gcc | 1.0 | 1.94 | 44.25 | 46.19 | NOTE | |
r-devel-linux-x86_64-fedora-clang | 1.0 | 72.75 | NOTE | |||
r-devel-linux-x86_64-fedora-gcc | 1.0 | 62.49 | NOTE | |||
r-patched-linux-x86_64 | 1.0 | 3.16 | 55.37 | 58.53 | NOTE | |
r-release-linux-x86_64 | 1.0 | 2.36 | 55.19 | 57.55 | NOTE | |
r-release-macos-arm64 | 1.0 | NOTE | ||||
r-release-macos-x86_64 | 1.0 | NOTE | ||||
r-release-windows-x86_64 | 1.0 | 14.00 | 78.00 | 92.00 | NOTE | |
r-oldrel-macos-arm64 | 1.0 | NOTE | ||||
r-oldrel-macos-x86_64 | 1.0 | NOTE | ||||
r-oldrel-windows-ix86+x86_64 | 1.0 | 5.00 | 63.00 | 68.00 | NOTE |
Version: 1.0
Check: R code for possible problems
Result: NOTE
ifft: no visible global function definition for 'fft'
lines.deamer: no visible global function definition for 'lines'
rlaplace: no visible global function definition for 'runif'
Undefined global functions or variables:
fft lines runif
Consider adding
importFrom("graphics", "lines")
importFrom("stats", "fft", "runif")
to your NAMESPACE file.
Flavors: r-devel-linux-x86_64-debian-clang, r-devel-linux-x86_64-debian-gcc, r-devel-linux-x86_64-fedora-clang, r-devel-linux-x86_64-fedora-gcc, r-patched-linux-x86_64, r-release-linux-x86_64, r-release-macos-arm64, r-release-macos-x86_64, r-release-windows-x86_64, r-oldrel-macos-arm64, r-oldrel-macos-x86_64, r-oldrel-windows-ix86+x86_64