Last updated on 2022-04-24 03:52:23 CEST.
Flavor | Version | Tinstall | Tcheck | Ttotal | Status | Flags |
---|---|---|---|---|---|---|
r-devel-linux-x86_64-debian-clang | 1.110 | 21.94 | 260.87 | 282.81 | NOTE | |
r-devel-linux-x86_64-debian-gcc | 1.110 | 18.18 | 190.72 | 208.90 | NOTE | |
r-devel-linux-x86_64-fedora-clang | 1.110 | 312.74 | NOTE | |||
r-devel-linux-x86_64-fedora-gcc | 1.110 | 328.05 | NOTE | |||
r-patched-linux-x86_64 | 1.110 | 20.84 | 243.18 | 264.02 | OK | |
r-release-linux-x86_64 | 1.110 | 13.09 | 227.54 | 240.63 | OK | |
r-release-macos-arm64 | 1.110 | OK | ||||
r-release-macos-x86_64 | 1.110 | OK | ||||
r-release-windows-x86_64 | 1.110 | 135.00 | 293.00 | 428.00 | OK | |
r-oldrel-macos-arm64 | 1.110 | OK | ||||
r-oldrel-macos-x86_64 | 1.110 | OK | ||||
r-oldrel-windows-ix86+x86_64 | 1.110 | 43.00 | 262.00 | 305.00 | OK |
Version: 1.110
Check: Rd files
Result: NOTE
checkRd: (7) file 'random.Rd': \item in \describe must have non-empty label
Flavors: r-devel-linux-x86_64-debian-clang, r-devel-linux-x86_64-debian-gcc, r-devel-linux-x86_64-fedora-clang, r-devel-linux-x86_64-fedora-gcc