Last updated on 2022-04-24 03:52:23 CEST.
Flavor | Version | Tinstall | Tcheck | Ttotal | Status | Flags |
---|---|---|---|---|---|---|
r-devel-linux-x86_64-debian-clang | 1.2 | 3.65 | 39.64 | 43.29 | OK | |
r-devel-linux-x86_64-debian-gcc | 1.2 | 2.70 | 30.14 | 32.84 | OK | |
r-devel-linux-x86_64-fedora-clang | 1.2 | 51.46 | NOTE | |||
r-devel-linux-x86_64-fedora-gcc | 1.2 | 41.96 | OK | |||
r-patched-linux-x86_64 | 1.2 | 3.82 | 37.48 | 41.30 | OK | |
r-release-linux-x86_64 | 1.2 | 2.27 | 32.10 | 34.37 | OK | |
r-release-macos-arm64 | 1.2 | OK | ||||
r-release-macos-x86_64 | 1.2 | OK | ||||
r-release-windows-x86_64 | 1.2 | 17.00 | 58.00 | 75.00 | OK | |
r-oldrel-macos-arm64 | 1.2 | OK | ||||
r-oldrel-macos-x86_64 | 1.2 | OK | ||||
r-oldrel-windows-ix86+x86_64 | 1.2 | 6.00 | 41.00 | 47.00 | OK |
Version: 1.2
Check: installed package size
Result: NOTE
installed size is 5.0Mb
sub-directories of 1Mb or more:
extdata 4.8Mb
Flavor: r-devel-linux-x86_64-fedora-clang