Last updated on 2022-04-24 03:52:23 CEST.
Flavor | Version | Tinstall | Tcheck | Ttotal | Status | Flags |
---|---|---|---|---|---|---|
r-devel-linux-x86_64-debian-clang | 0.1.0 | 2.30 | 38.58 | 40.88 | NOTE | |
r-devel-linux-x86_64-debian-gcc | 0.1.0 | 2.06 | 29.33 | 31.39 | NOTE | |
r-devel-linux-x86_64-fedora-clang | 0.1.0 | 48.83 | NOTE | |||
r-devel-linux-x86_64-fedora-gcc | 0.1.0 | 39.53 | NOTE | |||
r-patched-linux-x86_64 | 0.1.0 | 2.19 | 36.47 | 38.66 | NOTE | |
r-release-linux-x86_64 | 0.1.0 | 2.51 | 35.57 | 38.08 | NOTE | |
r-release-macos-arm64 | 0.1.0 | NOTE | ||||
r-release-macos-x86_64 | 0.1.0 | NOTE | ||||
r-release-windows-x86_64 | 0.1.0 | 14.00 | 53.00 | 67.00 | NOTE | |
r-oldrel-macos-arm64 | 0.1.0 | NOTE | ||||
r-oldrel-macos-x86_64 | 0.1.0 | NOTE | ||||
r-oldrel-windows-ix86+x86_64 | 0.1.0 | 6.00 | 43.00 | 49.00 | NOTE |
Version: 0.1.0
Check: LazyData
Result: NOTE
'LazyData' is specified without a 'data' directory
Flavors: r-devel-linux-x86_64-debian-clang, r-devel-linux-x86_64-debian-gcc, r-devel-linux-x86_64-fedora-clang, r-devel-linux-x86_64-fedora-gcc, r-patched-linux-x86_64, r-release-linux-x86_64, r-release-macos-arm64, r-release-macos-x86_64, r-release-windows-x86_64, r-oldrel-macos-arm64, r-oldrel-macos-x86_64, r-oldrel-windows-ix86+x86_64