Last updated on 2022-04-24 03:52:23 CEST.
Flavor | Version | Tinstall | Tcheck | Ttotal | Status | Flags |
---|---|---|---|---|---|---|
r-devel-linux-x86_64-debian-clang | 0.2 | 2.95 | 33.91 | 36.86 | NOTE | |
r-devel-linux-x86_64-debian-gcc | 0.2 | 1.71 | 26.34 | 28.05 | NOTE | |
r-devel-linux-x86_64-fedora-clang | 0.2 | 45.01 | NOTE | |||
r-devel-linux-x86_64-fedora-gcc | 0.2 | 35.81 | NOTE | |||
r-patched-linux-x86_64 | 0.2 | 2.62 | 33.23 | 35.85 | NOTE | |
r-release-linux-x86_64 | 0.2 | 2.17 | 33.05 | 35.22 | NOTE | |
r-release-macos-arm64 | 0.2 | NOTE | ||||
r-release-macos-x86_64 | 0.2 | NOTE | ||||
r-release-windows-x86_64 | 0.2 | 16.00 | 56.00 | 72.00 | NOTE | |
r-oldrel-macos-arm64 | 0.2 | NOTE | ||||
r-oldrel-macos-x86_64 | 0.2 | NOTE | ||||
r-oldrel-windows-ix86+x86_64 | 0.2 | 5.00 | 29.00 | 34.00 | NOTE |
Version: 0.2
Check: R code for possible problems
Result: NOTE
binary.state: no visible global function definition for 'runif'
dbn.dnn.train: no visible global function definition for 'runif'
dropout.mask: no visible global function definition for 'runif'
nn.train: no visible global function definition for 'runif'
rbm.train: no visible global function definition for 'runif'
sae.dnn.train: no visible global function definition for 'runif'
show.digit: no visible global function definition for 'gray'
show.digit: no visible global function definition for 'image'
Undefined global functions or variables:
gray image runif
Consider adding
importFrom("grDevices", "gray")
importFrom("graphics", "image")
importFrom("stats", "runif")
to your NAMESPACE file.
Flavors: r-devel-linux-x86_64-debian-clang, r-devel-linux-x86_64-debian-gcc, r-devel-linux-x86_64-fedora-clang, r-devel-linux-x86_64-fedora-gcc, r-patched-linux-x86_64, r-release-linux-x86_64, r-release-macos-arm64, r-release-macos-x86_64, r-release-windows-x86_64, r-oldrel-macos-arm64, r-oldrel-macos-x86_64, r-oldrel-windows-ix86+x86_64