Last updated on 2022-04-24 03:52:23 CEST.
Flavor | Version | Tinstall | Tcheck | Ttotal | Status | Flags |
---|---|---|---|---|---|---|
r-devel-linux-x86_64-debian-clang | 0.1 | 13.96 | 127.50 | 141.46 | OK | |
r-devel-linux-x86_64-debian-gcc | 0.1 | 12.47 | 94.37 | 106.84 | OK | |
r-devel-linux-x86_64-fedora-clang | 0.1 | 170.48 | NOTE | |||
r-devel-linux-x86_64-fedora-gcc | 0.1 | 165.78 | NOTE | |||
r-patched-linux-x86_64 | 0.1 | 13.48 | 119.63 | 133.11 | OK | |
r-release-linux-x86_64 | 0.1 | 13.37 | 111.36 | 124.73 | OK | |
r-release-macos-arm64 | 0.1 | NOTE | ||||
r-release-macos-x86_64 | 0.1 | NOTE | ||||
r-release-windows-x86_64 | 0.1 | 155.00 | 157.00 | 312.00 | OK | |
r-oldrel-macos-arm64 | 0.1 | NOTE | ||||
r-oldrel-macos-x86_64 | 0.1 | NOTE | ||||
r-oldrel-windows-ix86+x86_64 | 0.1 | 31.00 | 127.00 | 158.00 | OK |
Version: 0.1
Check: dependencies in R code
Result: NOTE
Namespaces in Imports field not imported from:
‘Metrics’ ‘purrr’ ‘utils’
All declared Imports should be used.
Flavors: r-devel-linux-x86_64-fedora-clang, r-devel-linux-x86_64-fedora-gcc, r-release-macos-arm64, r-release-macos-x86_64, r-oldrel-macos-arm64, r-oldrel-macos-x86_64