Last updated on 2022-04-24 03:52:23 CEST.
Flavor | Version | Tinstall | Tcheck | Ttotal | Status | Flags |
---|---|---|---|---|---|---|
r-devel-linux-x86_64-debian-clang | 1.1.2 | 2.88 | 40.07 | 42.95 | NOTE | |
r-devel-linux-x86_64-debian-gcc | 1.1.2 | 2.00 | 31.11 | 33.11 | NOTE | |
r-devel-linux-x86_64-fedora-clang | 1.1.2 | 52.31 | NOTE | |||
r-devel-linux-x86_64-fedora-gcc | 1.1.2 | 43.36 | NOTE | |||
r-patched-linux-x86_64 | 1.1.2 | 3.27 | 38.17 | 41.44 | NOTE | |
r-release-linux-x86_64 | 1.1.2 | 2.59 | 37.95 | 40.54 | NOTE | |
r-release-macos-arm64 | 1.1.2 | NOTE | ||||
r-release-macos-x86_64 | 1.1.2 | NOTE | ||||
r-release-windows-x86_64 | 1.1.2 | 13.00 | 57.00 | 70.00 | NOTE | |
r-oldrel-macos-arm64 | 1.1.2 | NOTE | ||||
r-oldrel-macos-x86_64 | 1.1.2 | NOTE | ||||
r-oldrel-windows-ix86+x86_64 | 1.1.2 | 7.00 | 45.00 | 52.00 | NOTE |
Version: 1.1.2
Check: LazyData
Result: NOTE
'LazyData' is specified without a 'data' directory
Flavors: r-devel-linux-x86_64-debian-clang, r-devel-linux-x86_64-debian-gcc, r-devel-linux-x86_64-fedora-clang, r-devel-linux-x86_64-fedora-gcc, r-patched-linux-x86_64, r-release-linux-x86_64, r-release-macos-arm64, r-release-macos-x86_64, r-release-windows-x86_64, r-oldrel-macos-arm64, r-oldrel-macos-x86_64, r-oldrel-windows-ix86+x86_64