Last updated on 2022-04-24 03:52:23 CEST.
Flavor | Version | Tinstall | Tcheck | Ttotal | Status | Flags |
---|---|---|---|---|---|---|
r-devel-linux-x86_64-debian-clang | 0.1.1 | 4.22 | 31.35 | 35.57 | OK | |
r-devel-linux-x86_64-debian-gcc | 0.1.1 | 3.67 | 23.52 | 27.19 | OK | |
r-devel-linux-x86_64-fedora-clang | 0.1.1 | 44.61 | NOTE | |||
r-devel-linux-x86_64-fedora-gcc | 0.1.1 | 33.10 | NOTE | |||
r-patched-linux-x86_64 | 0.1.1 | 3.63 | 29.88 | 33.51 | OK | |
r-release-linux-x86_64 | 0.1.1 | 4.17 | 28.55 | 32.72 | OK | |
r-release-macos-arm64 | 0.1.1 | OK | ||||
r-release-macos-x86_64 | 0.1.1 | OK | ||||
r-release-windows-x86_64 | 0.1.1 | 17.00 | 49.00 | 66.00 | OK | |
r-oldrel-macos-arm64 | 0.1.1 | OK | ||||
r-oldrel-macos-x86_64 | 0.1.1 | OK | ||||
r-oldrel-windows-ix86+x86_64 | 0.1.1 | 12.00 | 31.00 | 43.00 | OK |
Version: 0.1.1
Check: compiled code
Result: NOTE
File ‘deformula/libs/deformula.so’:
Found no call to: ‘R_useDynamicSymbols’
It is good practice to register native routines and to disable symbol
search.
See ‘Writing portable packages’ in the ‘Writing R Extensions’ manual.
Flavors: r-devel-linux-x86_64-fedora-clang, r-devel-linux-x86_64-fedora-gcc