Last updated on 2022-04-24 03:52:23 CEST.
Flavor | Version | Tinstall | Tcheck | Ttotal | Status | Flags |
---|---|---|---|---|---|---|
r-devel-linux-x86_64-debian-clang | 0.3.0 | 7.38 | 72.60 | 79.98 | NOTE | |
r-devel-linux-x86_64-debian-gcc | 0.3.0 | 5.99 | 52.63 | 58.62 | NOTE | |
r-devel-linux-x86_64-fedora-clang | 0.3.0 | 107.85 | NOTE | |||
r-devel-linux-x86_64-fedora-gcc | 0.3.0 | 90.33 | NOTE | |||
r-patched-linux-x86_64 | 0.3.0 | 8.28 | 68.02 | 76.30 | NOTE | |
r-release-linux-x86_64 | 0.3.0 | 6.40 | 68.39 | 74.79 | NOTE | |
r-release-macos-arm64 | 0.3.0 | NOTE | ||||
r-release-macos-x86_64 | 0.3.0 | WARN | ||||
r-release-windows-x86_64 | 0.3.0 | 19.00 | 103.00 | 122.00 | NOTE | |
r-oldrel-macos-arm64 | 0.3.0 | NOTE | ||||
r-oldrel-macos-x86_64 | 0.3.0 | WARN | ||||
r-oldrel-windows-ix86+x86_64 | 0.3.0 | 16.00 | 84.00 | 100.00 | NOTE |
Version: 0.3.0
Check: LazyData
Result: NOTE
'LazyData' is specified without a 'data' directory
Flavors: r-devel-linux-x86_64-debian-clang, r-devel-linux-x86_64-debian-gcc, r-devel-linux-x86_64-fedora-clang, r-devel-linux-x86_64-fedora-gcc, r-patched-linux-x86_64, r-release-linux-x86_64, r-release-macos-arm64, r-release-macos-x86_64, r-release-windows-x86_64, r-oldrel-macos-arm64, r-oldrel-macos-x86_64, r-oldrel-windows-ix86+x86_64
Version: 0.3.0
Check: dependencies in R code
Result: NOTE
Namespace in Imports field not imported from: ‘assertthat’
All declared Imports should be used.
Flavors: r-devel-linux-x86_64-fedora-clang, r-devel-linux-x86_64-fedora-gcc, r-release-macos-arm64, r-release-macos-x86_64, r-oldrel-macos-arm64, r-oldrel-macos-x86_64
Version: 0.3.0
Check: re-building of vignette outputs
Result: WARN
Error(s) in re-building vignettes:
...
--- re-building ‘delayed.Rmd’ using rmarkdown
Warning in engine$weave(file, quiet = quiet, encoding = enc) :
Pandoc (>= 1.12.3) not available. Falling back to R Markdown v1.
Quitting from lines 97-98 (delayed.Rmd)
Error: processing vignette 'delayed.Rmd' failed with diagnostics:
invalid 'path' argument
--- failed re-building ‘delayed.Rmd’
SUMMARY: processing the following file failed:
‘delayed.Rmd’
Error: Vignette re-building failed.
Execution halted
Flavors: r-release-macos-x86_64, r-oldrel-macos-x86_64