Last updated on 2022-04-24 03:52:23 CEST.
Flavor | Version | Tinstall | Tcheck | Ttotal | Status | Flags |
---|---|---|---|---|---|---|
r-devel-linux-x86_64-debian-clang | 1.6 | 2.14 | 34.83 | 36.97 | NOTE | |
r-devel-linux-x86_64-debian-gcc | 1.6 | 2.23 | 27.15 | 29.38 | NOTE | |
r-devel-linux-x86_64-fedora-clang | 1.6 | 46.49 | NOTE | |||
r-devel-linux-x86_64-fedora-gcc | 1.6 | 36.76 | NOTE | |||
r-patched-linux-x86_64 | 1.6 | 2.58 | 34.01 | 36.59 | NOTE | |
r-release-linux-x86_64 | 1.6 | 2.61 | 33.19 | 35.80 | NOTE | |
r-release-macos-arm64 | 1.6 | OK | ||||
r-release-macos-x86_64 | 1.6 | OK | ||||
r-release-windows-x86_64 | 1.6 | 17.00 | 48.00 | 65.00 | OK | |
r-oldrel-macos-arm64 | 1.6 | OK | ||||
r-oldrel-macos-x86_64 | 1.6 | OK | ||||
r-oldrel-windows-ix86+x86_64 | 1.6 | 6.00 | 39.00 | 45.00 | OK |
Version: 1.6
Check: for non-standard things in the check directory
Result: NOTE
Found the following files/directories:
'res.pdf' 'res1.jpg'
Flavors: r-devel-linux-x86_64-debian-clang, r-devel-linux-x86_64-debian-gcc, r-devel-linux-x86_64-fedora-clang, r-devel-linux-x86_64-fedora-gcc, r-patched-linux-x86_64, r-release-linux-x86_64