Last updated on 2022-04-24 03:52:23 CEST.
Flavor | Version | Tinstall | Tcheck | Ttotal | Status | Flags |
---|---|---|---|---|---|---|
r-devel-linux-x86_64-debian-clang | 0.1.0 | 2.27 | 33.85 | 36.12 | NOTE | |
r-devel-linux-x86_64-debian-gcc | 0.1.0 | 1.73 | 26.23 | 27.96 | NOTE | |
r-devel-linux-x86_64-fedora-clang | 0.1.0 | 44.97 | NOTE | |||
r-devel-linux-x86_64-fedora-gcc | 0.1.0 | 34.78 | NOTE | |||
r-patched-linux-x86_64 | 0.1.0 | 2.36 | 32.72 | 35.08 | NOTE | |
r-release-linux-x86_64 | 0.1.0 | 1.93 | 32.38 | 34.31 | NOTE | |
r-release-macos-arm64 | 0.1.0 | NOTE | ||||
r-release-macos-x86_64 | 0.1.0 | NOTE | ||||
r-release-windows-x86_64 | 0.1.0 | 22.00 | 51.00 | 73.00 | NOTE | |
r-oldrel-macos-arm64 | 0.1.0 | NOTE | ||||
r-oldrel-macos-x86_64 | 0.1.0 | NOTE | ||||
r-oldrel-windows-ix86+x86_64 | 0.1.0 | 5.00 | 40.00 | 45.00 | NOTE |
Version: 0.1.0
Check: LazyData
Result: NOTE
'LazyData' is specified without a 'data' directory
Flavors: r-devel-linux-x86_64-debian-clang, r-devel-linux-x86_64-debian-gcc, r-devel-linux-x86_64-fedora-clang, r-devel-linux-x86_64-fedora-gcc, r-patched-linux-x86_64, r-release-linux-x86_64, r-release-macos-arm64, r-release-macos-x86_64, r-release-windows-x86_64, r-oldrel-macos-arm64, r-oldrel-macos-x86_64, r-oldrel-windows-ix86+x86_64
Version: 0.1.0
Check: for non-standard things in the check directory
Result: NOTE
Found the following files/directories:
'smd_table.docx'
Flavors: r-devel-linux-x86_64-debian-clang, r-devel-linux-x86_64-debian-gcc, r-devel-linux-x86_64-fedora-clang, r-devel-linux-x86_64-fedora-gcc, r-patched-linux-x86_64, r-release-linux-x86_64