Last updated on 2022-04-24 03:52:23 CEST.
Flavor | Version | Tinstall | Tcheck | Ttotal | Status | Flags |
---|---|---|---|---|---|---|
r-devel-linux-x86_64-debian-clang | 0.3.0 | 52.11 | 96.95 | 149.06 | NOTE | |
r-devel-linux-x86_64-debian-gcc | 0.3.0 | 42.31 | 70.02 | 112.33 | NOTE | |
r-devel-linux-x86_64-fedora-clang | 0.3.0 | 198.59 | NOTE | |||
r-devel-linux-x86_64-fedora-gcc | 0.3.0 | 181.93 | NOTE | |||
r-patched-linux-x86_64 | 0.3.0 | 48.13 | 90.23 | 138.36 | NOTE | |
r-release-linux-x86_64 | 0.3.0 | 43.46 | 84.85 | 128.31 | NOTE | |
r-release-macos-arm64 | 0.3.0 | NOTE | ||||
r-release-macos-x86_64 | 0.3.0 | NOTE | ||||
r-release-windows-x86_64 | 0.3.0 | 50.00 | 130.00 | 180.00 | NOTE | |
r-oldrel-macos-arm64 | 0.3.0 | NOTE | ||||
r-oldrel-macos-x86_64 | 0.3.0 | NOTE | ||||
r-oldrel-windows-ix86+x86_64 | 0.3.0 | 120.00 | 143.00 | 263.00 | NOTE |
Version: 0.3.0
Check: LazyData
Result: NOTE
'LazyData' is specified without a 'data' directory
Flavors: r-devel-linux-x86_64-debian-clang, r-devel-linux-x86_64-debian-gcc, r-devel-linux-x86_64-fedora-clang, r-devel-linux-x86_64-fedora-gcc, r-patched-linux-x86_64, r-release-linux-x86_64, r-release-macos-arm64, r-release-macos-x86_64, r-release-windows-x86_64, r-oldrel-macos-arm64, r-oldrel-macos-x86_64, r-oldrel-windows-ix86+x86_64
Version: 0.3.0
Check: installed package size
Result: NOTE
installed size is 5.1Mb
sub-directories of 1Mb or more:
libs 4.9Mb
Flavors: r-release-macos-arm64, r-oldrel-macos-arm64