Last updated on 2022-04-24 03:52:23 CEST.
Flavor | Version | Tinstall | Tcheck | Ttotal | Status | Flags |
---|---|---|---|---|---|---|
r-devel-linux-x86_64-debian-clang | 1.15.2 | 16.38 | 306.66 | 323.04 | OK | |
r-devel-linux-x86_64-debian-gcc | 1.15.2 | 10.27 | 245.08 | 255.35 | OK | |
r-devel-linux-x86_64-fedora-clang | 1.15.2 | 404.68 | NOTE | |||
r-devel-linux-x86_64-fedora-gcc | 1.15.2 | 406.16 | OK | |||
r-patched-linux-x86_64 | 1.15.2 | 13.68 | 314.61 | 328.29 | OK | |
r-release-linux-x86_64 | 1.15.2 | 12.24 | 278.36 | 290.60 | OK | |
r-release-macos-arm64 | 1.15.2 | NOTE | ||||
r-release-macos-x86_64 | 1.15.2 | NOTE | ||||
r-release-windows-x86_64 | 1.15.2 | 155.00 | 505.00 | 660.00 | NOTE | |
r-oldrel-macos-arm64 | 1.15.2 | NOTE | ||||
r-oldrel-macos-x86_64 | 1.15.2 | NOTE | ||||
r-oldrel-windows-ix86+x86_64 | 1.15.2 | 27.00 | 319.00 | 346.00 | NOTE |
Version: 1.15.2
Check: installed package size
Result: NOTE
installed size is 5.4Mb
sub-directories of 1Mb or more:
doc 4.2Mb
Flavors: r-devel-linux-x86_64-fedora-clang, r-release-macos-arm64, r-release-macos-x86_64, r-release-windows-x86_64, r-oldrel-macos-arm64, r-oldrel-macos-x86_64, r-oldrel-windows-ix86+x86_64
Version: 1.15.2
Check: Rd cross-references
Result: NOTE
Undeclared packages ‘WGCNA’, ‘moduleColor’, ‘distory’, ‘phangorn’, ‘zoo’ in Rd xrefs
Flavor: r-devel-linux-x86_64-fedora-clang
Version: 1.15.2
Check: Rd cross-references
Result: NOTE
Package unavailable to check Rd xrefs: ‘WGCNA’
Flavors: r-release-macos-x86_64, r-oldrel-macos-x86_64