Last updated on 2022-04-24 03:52:23 CEST.
Flavor | Version | Tinstall | Tcheck | Ttotal | Status | Flags |
---|---|---|---|---|---|---|
r-devel-linux-x86_64-debian-clang | 1.0-2.1 | 175.10 | 133.85 | 308.95 | OK | |
r-devel-linux-x86_64-debian-gcc | 1.0-2.1 | 150.28 | 104.68 | 254.96 | OK | |
r-devel-linux-x86_64-fedora-clang | 1.0-2.1 | 453.22 | NOTE | |||
r-devel-linux-x86_64-fedora-gcc | 1.0-2.1 | 438.60 | NOTE | |||
r-patched-linux-x86_64 | 1.0-2.1 | 170.28 | 133.07 | 303.35 | OK | |
r-release-linux-x86_64 | 1.0-2.1 | 153.12 | 123.14 | 276.26 | OK | |
r-release-macos-arm64 | 1.0-2.1 | NOTE | ||||
r-release-macos-x86_64 | 1.0-2.1 | NOTE | ||||
r-release-windows-x86_64 | 1.0-2.1 | 163.00 | 187.00 | 350.00 | OK | |
r-oldrel-macos-arm64 | 1.0-2.1 | NOTE | ||||
r-oldrel-macos-x86_64 | 1.0-2.1 | NOTE | ||||
r-oldrel-windows-ix86+x86_64 | 1.0-2.1 | 420.00 | 220.00 | 640.00 | NOTE |
Version: 1.0-2.1
Check: installed package size
Result: NOTE
installed size is 24.8Mb
sub-directories of 1Mb or more:
doc 1.9Mb
libs 22.6Mb
Flavors: r-devel-linux-x86_64-fedora-clang, r-release-macos-arm64, r-release-macos-x86_64, r-oldrel-macos-arm64, r-oldrel-macos-x86_64, r-oldrel-windows-ix86+x86_64
Version: 1.0-2.1
Check: dependencies in R code
Result: NOTE
Namespaces in Imports field not imported from:
‘methods’ ‘rstantools’
All declared Imports should be used.
Flavors: r-devel-linux-x86_64-fedora-clang, r-devel-linux-x86_64-fedora-gcc, r-release-macos-arm64, r-release-macos-x86_64, r-oldrel-macos-arm64, r-oldrel-macos-x86_64