Last updated on 2022-04-24 03:52:23 CEST.
Flavor | Version | Tinstall | Tcheck | Ttotal | Status | Flags |
---|---|---|---|---|---|---|
r-devel-linux-x86_64-debian-clang | 0.0.1 | 24.40 | 92.35 | 116.75 | NOTE | |
r-devel-linux-x86_64-debian-gcc | 0.0.1 | 19.73 | 70.97 | 90.70 | NOTE | |
r-devel-linux-x86_64-fedora-clang | 0.0.1 | 149.78 | NOTE | |||
r-devel-linux-x86_64-fedora-gcc | 0.0.1 | 140.71 | NOTE | |||
r-patched-linux-x86_64 | 0.0.1 | 18.52 | 88.16 | 106.68 | NOTE | |
r-release-linux-x86_64 | 0.0.1 | 23.19 | 84.53 | 107.72 | NOTE | |
r-release-macos-arm64 | 0.0.1 | NOTE | ||||
r-release-macos-x86_64 | 0.0.1 | NOTE | ||||
r-release-windows-x86_64 | 0.0.1 | 33.00 | 123.00 | 156.00 | NOTE | |
r-oldrel-macos-arm64 | 0.0.1 | NOTE | ||||
r-oldrel-macos-x86_64 | 0.0.1 | NOTE | ||||
r-oldrel-windows-ix86+x86_64 | 0.0.1 | 64.00 | 134.00 | 198.00 | NOTE |
Version: 0.0.1
Check: LazyData
Result: NOTE
'LazyData' is specified without a 'data' directory
Flavors: r-devel-linux-x86_64-debian-clang, r-devel-linux-x86_64-debian-gcc, r-devel-linux-x86_64-fedora-clang, r-devel-linux-x86_64-fedora-gcc, r-patched-linux-x86_64, r-release-linux-x86_64, r-release-macos-arm64, r-release-macos-x86_64, r-release-windows-x86_64, r-oldrel-macos-arm64, r-oldrel-macos-x86_64, r-oldrel-windows-ix86+x86_64