Last updated on 2022-04-24 03:52:23 CEST.
Flavor | Version | Tinstall | Tcheck | Ttotal | Status | Flags |
---|---|---|---|---|---|---|
r-devel-linux-x86_64-debian-clang | 0.9.16 | 11.50 | 55.93 | 67.43 | NOTE | |
r-devel-linux-x86_64-debian-gcc | 0.9.16 | 8.31 | 41.55 | 49.86 | NOTE | |
r-devel-linux-x86_64-fedora-clang | 0.9.16 | 79.94 | NOTE | |||
r-devel-linux-x86_64-fedora-gcc | 0.9.16 | 70.69 | NOTE | |||
r-patched-linux-x86_64 | 0.9.16 | 10.19 | 52.18 | 62.37 | NOTE | |
r-release-linux-x86_64 | 0.9.16 | 9.42 | 52.51 | 61.93 | NOTE | |
r-release-macos-arm64 | 0.9.16 | NOTE | ||||
r-release-macos-x86_64 | 0.9.16 | NOTE | ||||
r-release-windows-x86_64 | 0.9.16 | 29.00 | 72.00 | 101.00 | NOTE | |
r-oldrel-macos-arm64 | 0.9.16 | NOTE | ||||
r-oldrel-macos-x86_64 | 0.9.16 | NOTE | ||||
r-oldrel-windows-ix86+x86_64 | 0.9.16 | 25.00 | 70.00 | 95.00 | NOTE |
Version: 0.9.16
Check: package dependencies
Result: NOTE
Package suggested but not available for checking: 'Rdonlp2'
Flavors: r-devel-linux-x86_64-debian-clang, r-devel-linux-x86_64-debian-gcc, r-devel-linux-x86_64-fedora-clang, r-devel-linux-x86_64-fedora-gcc, r-patched-linux-x86_64, r-release-linux-x86_64, r-release-macos-arm64, r-release-macos-x86_64, r-release-windows-x86_64, r-oldrel-macos-arm64, r-oldrel-macos-x86_64, r-oldrel-windows-ix86+x86_64