Last updated on 2022-04-24 03:52:23 CEST.
Flavor | Version | Tinstall | Tcheck | Ttotal | Status | Flags |
---|---|---|---|---|---|---|
r-devel-linux-x86_64-debian-clang | 0.1.0 | 8.24 | 85.90 | 94.14 | NOTE | |
r-devel-linux-x86_64-debian-gcc | 0.1.0 | 6.09 | 63.97 | 70.06 | NOTE | |
r-devel-linux-x86_64-fedora-clang | 0.1.0 | 117.91 | NOTE | |||
r-devel-linux-x86_64-fedora-gcc | 0.1.0 | 103.03 | NOTE | |||
r-patched-linux-x86_64 | 0.1.0 | 5.61 | 79.47 | 85.08 | NOTE | |
r-release-linux-x86_64 | 0.1.0 | 4.21 | 75.88 | 80.09 | NOTE | |
r-release-macos-arm64 | 0.1.0 | NOTE | ||||
r-release-macos-x86_64 | 0.1.0 | NOTE | ||||
r-release-windows-x86_64 | 0.1.0 | 22.00 | 98.00 | 120.00 | NOTE | |
r-oldrel-macos-arm64 | 0.1.0 | NOTE | ||||
r-oldrel-macos-x86_64 | 0.1.0 | NOTE | ||||
r-oldrel-windows-ix86+x86_64 | 0.1.0 | 17.00 | 92.00 | 109.00 | NOTE |
Version: 0.1.0
Check: LazyData
Result: NOTE
'LazyData' is specified without a 'data' directory
Flavors: r-devel-linux-x86_64-debian-clang, r-devel-linux-x86_64-debian-gcc, r-devel-linux-x86_64-fedora-clang, r-devel-linux-x86_64-fedora-gcc, r-patched-linux-x86_64, r-release-linux-x86_64, r-release-macos-arm64, r-release-macos-x86_64, r-release-windows-x86_64, r-oldrel-macos-arm64, r-oldrel-macos-x86_64, r-oldrel-windows-ix86+x86_64