Last updated on 2022-04-24 03:52:23 CEST.
| Flavor | Version | Tinstall | Tcheck | Ttotal | Status | Flags | 
|---|---|---|---|---|---|---|
| r-devel-linux-x86_64-debian-clang | 0.3.0 | 7.08 | 81.11 | 88.19 | OK | |
| r-devel-linux-x86_64-debian-gcc | 0.3.0 | 5.56 | 59.79 | 65.35 | OK | |
| r-devel-linux-x86_64-fedora-clang | 0.3.0 | 104.54 | NOTE | |||
| r-devel-linux-x86_64-fedora-gcc | 0.3.0 | 97.39 | OK | |||
| r-patched-linux-x86_64 | 0.3.0 | 12.70 | 74.46 | 87.16 | OK | |
| r-release-linux-x86_64 | 0.3.0 | 6.43 | 75.56 | 81.99 | OK | |
| r-release-macos-arm64 | 0.3.0 | OK | ||||
| r-release-macos-x86_64 | 0.3.0 | OK | ||||
| r-release-windows-x86_64 | 0.3.0 | 33.00 | 107.00 | 140.00 | OK | |
| r-oldrel-macos-arm64 | 0.3.0 | OK | ||||
| r-oldrel-macos-x86_64 | 0.3.0 | OK | ||||
| r-oldrel-windows-ix86+x86_64 | 0.3.0 | 15.00 | 93.00 | 108.00 | OK | 
Version: 0.3.0
Check: Rd cross-references
Result: NOTE
    Undeclared package ‘htmlwidgets’ in Rd xrefs
Flavor: r-devel-linux-x86_64-fedora-clang